 2 = 16. Suppose -3*x + t*x - 18 = 0. What is the remainder when x is divided by 4?
2
Let m be (12/15)/((-4)/(-10)). Suppose 0 = -v + 14 + m. Calculate the remainder when v is divided by 6.
4
Suppose 35 = 4*n - 25. What is the remainder when n is divided by 7?
1
Suppose 0 = -3*i + 2*i + s + 9, -s - 16 = -2*i. Let a(n) = -n**2 + 8*n - 3. Calculate the remainder when a(i) is divided by 2.
0
Suppose -k + 13 = -16. Calculate the remainder when k is divided by 11.
7
Let w(h) = h**2 - 8*h + 4. Let x be w(7). Let q = 7 - x. Calculate the remainder when 37 is divided by q.
7
Let x = -10 + 28. Let h = -39 + 46. Calculate the remainder when x is divided by h.
4
Suppose -15 = 2*m + 21. Let p = m + 31. What is the remainder when p is divided by 5?
3
Suppose -19*l + 5*l = -252. What is the remainder when 52 is divided by l?
16
Let o(g) = g**2 - 3*g - 4. Suppose -3*d = -8*d + 15. Let w be o(d). What is the remainder when 74/4*w/(-2) is divided by 13?
11
Let w = 25 + -16. What is the remainder when (w/3)/((-6)/(-94)) is divided by 10?
7
Suppose 4*i + 0*x + 4 = 3*x, x = 4. Let g = i - -6. What is the remainder when 13 is divided by g?
5
Suppose 5*c + 157 = v + v, 2*v + c - 175 = 0. Suppose 5*s - v - 39 = 0. Calculate the remainder when s is divided by 9.
7
Let q(k) = k + 14. Let t(f) = f**3 + 5*f**2 + 2*f + 4. Let l be t(-5). Calculate the remainder when 23 is divided by q(l).
7
Let c = 100 + -94. Calculate the remainder when 14 is divided by c.
2
Suppose -3*g + 2*u + 6 = -u, 3*g - u = 0. What is the remainder when 6 is divided by 40/16 + g/2?
0
Let k be -2 + (6/(-2) - -5). Let j(n) = n + 10. What is the remainder when ((-6)/(-9))/((-2)/(-51)) is divided by j(k)?
7
Let f(g) = g**3 + 15*g**2 - 17*g - 12. Calculate the remainder when 10 is divided by f(-16).
2
Suppose 18 = 5*v - 7. Let k(x) = -4*x + 3*x - 3*x + 1 + 0*x**2 + x**2. Calculate the remainder when 17 is divided by k(v).
5
Let s(k) = 4*k**2 - 29*k - 6. Calculate the remainder when 142 is divided by s(8).
16
Suppose 2*w + 5*k = -7, 10 = 2*k - 4*k. Let q(p) = -7*p + 15. Let o(n) = 5*n - 10. Let g(j) = 8*o(j) + 5*q(j). What is the remainder when g(w) is divided by 14?
12
Suppose -x - 4*b + 97 = -35, -3*x + 2*b = -424. Calculate the remainder when x is divided by 24.
20
Suppose -d - 5*v + 23 = -3*v, 8 = -2*v. Let i = 60 - d. What is the remainder when 113 is divided by i?
26
What is the remainder when 5 - -16*36/8 is divided by 13?
12
Suppose 0*c + 24 = 3*m + 3*c, -4*c + 17 = m. Suppose 2*y = -m*u + 10, 5*y - y + 4*u = 20. What is the remainder when 14 is divided by y?
4
Let y = -84 - -87. Let r(a) be the third derivative of a**6/120 - a**5/60 + a**4/8 - 2*a**3/3 - a**2. What is the remainder when r(y) is divided by 8?
7
Let m = -73 - -94. Calculate the remainder when m is divided by 12.
9
Suppose 0 = -4*l + 5*j + 52, 2*l + 3*l - 60 = 5*j. Let a = l + 0. Calculate the remainder when a is divided by 3.
2
Suppose d - 10 = 9. Let y(j) = -j**2 + j + 1. Let b be y(0). Let c(q) = 7*q. What is the remainder when d is divided by c(b)?
5
Let g(l) = -l**3 - 4*l**2 + 3*l + 8. Calculate the remainder when 48 is divided by g(-5).
12
Let b(c) = 4*c - 9. Let y(k) be the first derivative of -k**3/3 + 3*k**2 - 2*k - 1. Calculate the remainder when b(7) is divided by y(3).
5
Suppose d + 3*l + 2 = 13, 0 = -2*d - 3*l + 25. Calculate the remainder when 41 is divided by d.
13
Let b = -6 + 12. Calculate the remainder when 19 - 1 - (3 - 1) is divided by b.
4
Suppose -w + 47 = 5. Calculate the remainder when w is divided by (9 - 0 - -2)*1.
9
Suppose 2*j - 5*j = -78. Suppose 2*l + 2*g - j = 46, -4*l = 2*g - 146. Let v = 11 + 2. Calculate the remainder when l is divided by v.
11
Let o(m) = 7*m**2 - m - 2. Suppose 2*w - 2 - 2 = 0. What is the remainder when o(w) is divided by 13?
11
Suppose -6*z + 3*z + 186 = 0. What is the remainder when z is divided by ((-1)/(-10)*16)/((-4)/(-40))?
14
Suppose -19*x + 27*x - 1920 = 0. What is the remainder when x is divided by 61?
57
Suppose 32 = 2*k - 0*k. Let t = 1 - 16. Calculate the remainder when k is divided by ((-18)/t)/(4/30).
7
Suppose 3*m = -4*d + 18 - 2, 0 = -4*d - 4*m + 16. Suppose -d*g - 14 = -182. Calculate the remainder when g is divided by 11.
9
Let g = -16 + 49. What is the remainder when g is divided by 9?
6
Let m(y) = y + 4*y**2 + 0 - 3*y**2 + 1. Let q(r) = -2*r**2 - 2*r - 38. Let a(o) = -m(o) - q(o). What is the remainder when a(0) is divided by 19?
18
Let v = 54 + -48. What is the remainder when 11 is divided by v?
5
Let j = 18 - 13. Calculate the remainder when 38 is divided by j.
3
Let z = 31 + 28. What is the remainder when z is divided by 15?
14
Suppose 0 = k + 3*k - 408. Calculate the remainder when k is divided by 26.
24
Let g = 39 + 13. Suppose -2*d = 5*x - 35, -2*x - 5*d = -5*x + g. Let s(y) = -y + 13. Calculate the remainder when x is divided by s(8).
4
Suppose 5*h - 3*j - 227 = 0, 195 = -0*h + 5*h + 5*j. Calculate the remainder when 85 is divided by h.
42
Let l(q) = q + 8. Calculate the remainder when 5 is divided by l(-5).
2
Let u = 273 + -262. What is the remainder when (-1 + 0)*(-20 - -1) is divided by u?
8
Let n(y) = -y**2 + 9*y - 4. What is the remainder when ((-38)/(-4))/((-4)/(-8)) is divided by n(7)?
9
What is the remainder when 43 + (-1)/(3/6) is divided by 12?
5
Suppose 0 = -3*r - 15 + 42. Let i(o) = 10*o**2 - o. Calculate the remainder when i(-2) is divided by r.
6
Let y = -6 + 11. Suppose 3 + 1 = -4*o. Let l = y + o. Calculate the remainder when 10 is divided by l.
2
Let y(z) = 2*z**2 + 5*z + 7. What is the remainder when y(-4) is divided by 7?
5
Let h = 2 - -3. Let l = -10 - -18. What is the remainder when l is divided by h?
3
Suppose -4*j - 33 = -5*u, 12 = 2*u - 3*j + 2*j. What is the remainder when 133/5 - 3/u is divided by 9?
8
Let y(s) = -s**2 + 22*s - 40. Calculate the remainder when 93 is divided by y(18).
29
Let d = 19 + 13. What is the remainder when d is divided by 12?
8
Let o be (1/3)/(4/180). Suppose 0*p = -p + o. Calculate the remainder when 44 is divided by p.
14
Suppose 26*q - 33 = 23*q. What is the remainder when 52 is divided by q?
8
Let k be (-158)/(-4) + (-1)/(-2). Suppose 4*m + m = k. Calculate the remainder when 3 + -4 - (1 - 17) is divided by m.
7
Let g(m) = m**2 + 6*m - 11. What is the remainder when g(-8) is divided by 2?
1
Suppose -3*k = -64 - 2. What is the remainder when 43 is divided by k?
21
Let r(n) = 4*n**2 - 3*n + 11. Calculate the remainder when r(6) is divided by 28.
25
Let d = -101 - -127. Calculate the remainder when 103 is divided by d.
25
Let g(n) = -17*n**3 - 3*n**2 + 3*n + 4. Let f(l) = -33*l**3 - 7*l**2 + 7*l + 9. Let s(j) = 3*f(j) - 7*g(j). Calculate the remainder when s(1) is divided by 10.
9
Suppose 5*k = 37 + 28. Let g = 17 - k. What is the remainder when g is divided by 3?
1
Suppose 0 = -2*f + 1 + 9. Let w be f*1/5*4. Let r = 2 + w. What is the remainder when 10 is divided by r?
4
Let q be (0 + (-10)/8)*-8. Suppose -2*d + q = -2. Suppose 4 = 2*w + 4*c - d, 5*c = 10. Calculate the remainder when 2 is divided by w.
0
Suppose 6*z - 88 = 254. What is the remainder when z is divided by 15?
12
Suppose -x - 7 = -26. What is the remainder when 73 is divided by x?
16
Suppose -2*s + 868 = 5*s. What is the remainder when s is divided by 16?
12
Let z = -14 - -6. Let l(u) = -2*u - 5. Calculate the remainder when (215/4)/5*4 is divided by l(z).
10
Suppose 0 = -4*r - 5*j + 95, 4*r + 2*j - 136 = -26. What is the remainder when r is divided by 16?
14
Let p = 362 - 233. Calculate the remainder when p is divided by 44.
41
Let m(c) = 3*c**3 - c**2 - 2*c + 1. Calculate the remainder when 65 is divided by m(2).
14
Suppose 9*y + 88 = 13*y. Calculate the remainder when y is divided by 8.
6
Suppose 242 = 3*a + 5. What is the remainder when a is divided by (-27)/(-1) + (2 - 2)?
25
Let p(s) = s**3 + 2. Let u(m) = 2*m. Let d be u(2). Let r(q) = q**3 - 3*q**2 - 3*q - 2. Calculate the remainder when p(0) is divided by r(d).
0
Calculate the remainder when 2 - (1 + -26)*1 is divided by 15.
12
Let z be 1/2*32/4. Let d = 13 - z. What is the remainder when 33 is divided by d?
6
Suppose i + 3*i = 20. Suppose i*d + n - 56 = 0, 4*d - 40 = 5*n - 1. Suppose 2*c - 3*c = -20. Calculate the remainder when c is divided by d.
9
Let c = 23 - 20. Suppo